-8b8?
-901
In base 11, what is -2 + 442?
440
In base 8, what is 0 - 410641?
-410641
In base 10, what is 166436 - 18?
166418
In base 10, what is -5 + -436?
-441
In base 5, what is 2 + -1022142?
-1022140
In base 10, what is -1157 - -13?
-1144
In base 8, what is -24741616 + -3?
-24741621
In base 9, what is 256507 - 58?
256438
In base 8, what is 214 + -10?
204
In base 15, what is -a6 + b53?
a9c
In base 16, what is 1 - 10330?
-1032f
In base 5, what is -1110 + 110?
-1000
In base 9, what is -2 + -854373?
-854375
In base 12, what is b832 + 2?
b834
In base 15, what is -14 - -1d?
9
In base 6, what is -3 + 322502?
322455
In base 15, what is a6 + -57b?
-4c5
In base 12, what is -7a5b3 + -3?
-7a5b6
In base 9, what is 2035 - 2343?
-307
In base 8, what is -2176441 - -4?
-2176435
In base 3, what is -210 - -11212120?
11211210
In base 7, what is 1 + -235?
-234
In base 8, what is -10 - -1131?
1121
In base 12, what is 19 + 6391?
63aa
In base 3, what is -210 + -102202?
-110112
In base 4, what is 0 + 31220332?
31220332
In base 14, what is -6a1 + -3d5?
-a96
In base 10, what is 5 - -748993?
748998
In base 3, what is 10 - -1200001010?
1200001020
In base 9, what is -1 + 7241?
7240
In base 5, what is -132 + -42101?
-42233
In base 9, what is -4005 + 17?
-3877
In base 2, what is 10111001 + 101111111100?
110010110101
In base 8, what is 140 + 1776?
2136
In base 14, what is 229c43 + -4?
229c3d
In base 14, what is 844 - 3a8?
47a
In base 9, what is 2725 + 2458?
5284
In base 15, what is -2 + -b256?
-b258
In base 11, what is -117114 + -4?
-117118
In base 2, what is 1101 + 111111010111?
111111100100
In base 14, what is 552b + -d?
551c
In base 7, what is -3 + 136102?
136066
In base 11, what is -226803 + 3?
-226800
In base 9, what is -2774637 + 4?
-2774633
In base 5, what is 4 + 4343?
4402
In base 16, what is -35a + -14?
-36e
In base 9, what is 872056 + 8?
872065
In base 4, what is -113011 + 10?
-113001
In base 14, what is 370a5 - 5?
370a0
In base 15, what is 25 + 1b74a?
1b770
In base 10, what is -1 - -14878?
14877
In base 10, what is 3 + -92466?
-92463
In base 12, what is -67b77 - -4?
-67b73
In base 6, what is 1054 + -535?
115
In base 13, what is -385 + -471?
-826
In base 2, what is -10111110100011010 + -1000?
-10111110100100010
In base 4, what is -3303 - 3022?
-12331
In base 14, what is 1b538c + 5?
1b5393
In base 5, what is 214211 - 3?
214203
In base 15, what is -1 - d673?
-d674
In base 9, what is 7 - -314?
322
In base 4, what is 11 + 11031323?
11032000
In base 4, what is -1130012 - -2021?
-1121331
In base 8, what is 444 - -55?
521
In base 3, what is 11 + -1110020?
-1110002
In base 12, what is 3 - 2b4841?
-2b483a
In base 7, what is -130 + 6100?
5640
In base 12, what is 5 - -23153?
23158
In base 3, what is -20222122210 + -2?
-20222122212
In base 2, what is 1010100011001001 + 0?
1010100011001001
In base 9, what is -1687 + -64?
-1762
In base 16, what is 825d + 2?
825f
In base 3, what is 11210112011 + -11?
11210112000
In base 13, what is 5 + -12826?
-12821
In base 5, what is -4 + -220101021?
-220101030
In base 6, what is -11 - -10324?
10313
In base 3, what is -1100200001 - -1?
-1100200000
In base 8, what is 61 + 330?
411
In base 10, what is -5266 + -19?
-5285
In base 14, what is -2b71 + -13?
-2b84
In base 11, what is 0 - -4a2562?
4a2562
In base 7, what is 14 - -444142?
444156
In base 5, what is -13 + -402130?
-402143
In base 15, what is -badc - 3?
-bae0
In base 16, what is -7 + 275fd?
275f6
In base 10, what is 421 + 15175?
15596
In base 15, what is 124 - 5?
11e
In base 4, what is -20020313 + 1?
-20020312
In base 15, what is -3e67 + -10?
-3e77
In base 13, what is -112 - -283?
171
In base 14, what is c378 + 7?
c381
In base 8, what is 2675 + 5?
2702
In base 12, what is 27 - 2561?
-2536
In base 12, what is 13a5 - 91?
1314
In base 10, what is -1 - 153537?
-153538
In base 14, what is -4 - -17c92?
17c8c
In base 13, what is -23a + -10c?
-349
In base 12, what is 20 - 5560?
-5540
In base 15, what is -b07 + -1b4?
-cbb
In base 2, what is 110011010010 + -11011001?
101111111001
In base 7, what is 12 + 61564?
61606
In base 16, what is -6 + 2d4c8?
2d4c2
In base 10, what is -449049 + 4?
-449045
In base 16, what is c + e725?
e731
In base 5, what is -1401 + -3144?
-10100
In base 10, what is 422 - 205?
217
In base 11, what is -1841a14 - 0?
-1841a14
In base 6, what is -1030205 - -2?
-1030203
In base 5, what is -2 - -12222420?
12222413
In base 12, what is -a06 - -55b?
-467
In base 11, what is -15 - -16331?
16317
In base 10, what is -18322 - -4?
-18318
In base 10, what is -3 - -77381?
77378
In base 14, what is 34ad - -6?
34b5
In base 11, what is -83437 + 3?
-83434
In base 4, what is 21120210 - 10?
21120200
In base 4, what is -10 + 121322132?
121322122
In base 11, what is -a453 - 7?
-a45a
In base 3, what is -10 + 1012100210?
1012100200
In base 9, what is 6 - 327663?
-327656
In base 14, what is 31aad - 3?
31aaa
In base 7, what is 131 + -11266?
-11135
In base 4, what is -10330203 + -2022?
-10332231
In base 11, what is 24 + -3007?
-2a93
In base 15, what is -44 + 4cb?
487
In base 11, what is -1228a - 108?
-12397
In base 14, what is -2 - 3c2736?
-3c2738
In base 7, what is -14 + -1355351?
-1355365
In base 15, what is -526e5 - 2?
-526e7
In base 3, what is 1 + -110220111120?
-110220111112
In base 3, what is -1101110222 - -22?
-1101110200
In base 11, what is 3625a + 4?
36263
In base 2, what is 10111 - 101110010000?
-101101111001
In base 7, what is 3526 - -42?
3601
In base 4, what is -222 - 12200102?
-12200330
In base 13, what is -a75 + 9?
-a69
In base 4, what is 203031 + 1002?
210033
In base 14, what is 183d4 - -1?
183d5
In base 2, what is 101110 + -1001010110?
-1000101000
In base 2, what is -10001100 - -1010010010111?
1010000001011
In base 3, what is 0 - -2120211111?
2120211111
In base 11, what is 29 + -22aa?
-2281
In base 15, what is -9 - -2717?
270d
In base 9, what is -6107242 + 5?
-6107236
In base 15, what is -2 - -2a8c?
2a8a
In base 2, what is -1 - 101000001111100?
-101000001111101
In base 14, what is 2d989 + -c?
2d97b
In base 12, what is 81ba1 + 3?
81ba4
In base 3, what is 12 + 122102021020?
122102021102
In base 13, what is -a9 + -3c?
-118
In base 14, what is d6 + -9b9?
-8c3
In base 8, what is -5 + -20002?
-20007
In base 4, what is -1002 - 2221110?
-2222112
In base 12, what is 2 + 3a8004?
3a8006
In base 3, what is 1022 - -1002020?
1010112
In base 9, what is 17 - -64534?
64552
In base 5, what is -2231410 + 120?
-2231240
In base 15, what is -301 - -21?
-2d0
In base 12, what is 21216 + -13?
21203
In base 13, what is -4 + -1462cb?
-146302
In base 5, what is 30201 + -2?
30144
In base 15, what is 11 + 7e1?
802
In base 12, what is -1344 + -3?
-1347
In base 13, what is -5 + -466c6?
-466cb
In base 14, what is -20 - -3cc?
3ac
In base 12, what is 143188 - 0?
143188
In base 16, what is 4 - 46b5f?
-46b5b
In base 4, what is 11 + 232320301?
232320312
In base 7, what is -103005322 + -3?
-103005325
In base 16, what is 20 - 213?
-1f3
In base 12, what is -90 + 21631?
21561
In base 2, what is 10011111 + 11100000?
101111111
In base 7, what is 15261 + -1001?
14260
In base 4, what is -102 - 22033101?
-22033203
In base 4, what is 3023 - -2110?
11133
In base 13, what is -7 + 2051c?
20515
In base 3, what is 12102 + -220102210?
-220020101
In base 2, what is -11001 + 1110101010101111?
1110101010010110
In base 14, what is 0 - -278a6?
278a6
In base 2, what is 1001010 - -11100100?
100101110
In base 12, what is 0 - -25818?
25818
In base 12, what is 5ba - -16ab?
20a9
In base 4, what is -10203103 - 1220?
-10210323
In base 9, what is -184442 + -20?
-184462
In base 6, what is 10543 - 534?
10005
In base 5, what is 3231 - -13134?
21420
In base 8, what is -3 - -111245?
111242
In base 12, what is -338834 - 6?
-33883a
In base 11, what is -6a361 - 5?
-6a366
In base 2, what is -111110111 - -101100011001?
100100100010
In base 5, what is -3013331 - -12?
-3013314
In base 15, what is 2433 - 72?
23b1
In base 8, what is 34153 + -23?
34130
In base 16, what is 9df - -64?
a43
In base 9, what is 256138 - -1?
256140
In base 10, what is 0 + 114517?
114517
In base 9, what is -205 + -110?
-315
In base 16, what is -8f + -71?
-100
In base 11, what is 28 - -2a22?
2a4a
In base 9, what is -278147 + 1?
-278146
In base 15, what is -5 - -42ac0?
42aba
In base 5, what is 